c - 5 + 4. Let x be 16 + 1 + -2 + c. Suppose -v = 3*t + t - x, t = -5*v + 51. List the prime factors of v.
2, 5
Let v(z) be the second derivative of z**5/20 + z**4/12 + z**3/6 + 9*z**2/2 + 3*z. List the prime factors of v(0).
3
Let p(g) = 4*g**3 + g - 1. Let c be p(1). Suppose 2*y = c*y - 2. Let v = 8 - y. List the prime factors of v.
7
Let x(y) = y**3 + 12*y**2 - 5*y - 15. List the prime factors of x(-12).
3, 5
Let g(y) = 3*y**2 + 9*y + 10. What are the prime factors of g(-4)?
2, 11
Suppose -352 = 3*r - 7*r. List the prime factors of r.
2, 11
Suppose -4 = 3*t - 22. List the prime factors of t.
2, 3
List the prime factors of 64/(-48)*(0 + -237).
2, 79
Suppose -1 = -3*x - u, u - 2 = -3*x - u. Let a = 6 - x. Suppose 2*f - 20 = -2*w, -w - a = -4*f - 41. What are the prime factors of w?
3, 5
Suppose -6*x + 134 = 14. Let u = x + -10. What are the prime factors of u?
2, 5
Let a = -20 + 22. Suppose a*i - 40 = i. What are the prime factors of i?
2, 5
Suppose -2*r - 2*r = -1008. List the prime factors of r.
2, 3, 7
Let o = -273 + 399. List the prime factors of o.
2, 3, 7
Suppose 0*z + 26 = 4*z - s, -z + s + 5 = 0. Suppose -z*c + 34 + 29 = 0. List the prime factors of c.
3
Let h(c) = 14*c - 44. List the prime factors of h(7).
2, 3
Let g = 7 - -2. Suppose 4*r = -g - 115. Let v = r - -46. What are the prime factors of v?
3, 5
Let q(d) = 4*d + 10. Let b be q(-5). Let f = 31 + b. What are the prime factors of f?
3, 7
Let n(g) = 11*g - 5. List the prime factors of n(6).
61
Let z = -20 + 46. Let l = z - 9. List the prime factors of l.
17
Let v = -37 - -71. List the prime factors of v.
2, 17
Suppose -161 = -5*v - y - 2*y, -2*v = 4*y - 70. What are the prime factors of v?
31
Let z(f) = 10*f. Let p(k) = 140*k. Suppose -19 + 5 = -3*x + 2*a, 5 = x - a. Let t(l) = x*p(l) - 55*z(l). What are the prime factors of t(1)?
2, 5
Let s = -67 - -69. Suppose 0*o - 3*o = 0. Suppose o = -2*f + 2 + s. What are the prime factors of f?
2
Let q(l) = -l**3 - l**2 - l + 2. Let t be q(0). Suppose w + 2 = t*w. Suppose 0*c + 26 = w*c. What are the prime factors of c?
13
Let z = -78 - -290. List the prime factors of z.
2, 53
Suppose 46 = -2*z - 6. Let f = -6 - z. List the prime factors of f.
2, 5
Let f be (-3)/9 + (-193)/(-3). Suppose f = 4*k - 4*j, 3*k = -5*j + 37 + 43. What are the prime factors of k?
2, 5
Let u(z) = -8*z + 5. Let k be u(4). Let b = k + 52. What are the prime factors of b?
5
Let s(y) = -y**3 + 7*y**2 + y - 7. Let u be s(7). Suppose 0 = 4*z - 2*r - 34, -3*z + u*r + 28 = -2*r. What are the prime factors of z?
2, 3
Suppose s - 4 = -2*z, -4*s + 2*z + 3 = -3*z. Suppose 4*i = -2 - s. Let u = 1 - i. What are the prime factors of u?
2
Let c be 2 + -1 + 0 - 7. Suppose -2*s + 0*s + 8 = 0. List the prime factors of c/5*(-30)/s.
3
Suppose 2 = -p + 5*n, -2*n + 0*n = 2*p - 56. What are the prime factors of p?
23
Suppose 3*l = 5 + 4. Let j be (-1)/(-3) + 5/l. Suppose -4*s + 14 = t, -j*t + s - 1 = -11. What are the prime factors of t?
2, 3
Let g(p) = p + 6. Let u be g(6). Suppose 0 = -4*l + 76 + u. What are the prime factors of l?
2, 11
Suppose 4*m - 2*b = -310, 4*m = -b - 0*b - 301. Let i = m - -111. Suppose -25 = -5*u + i. List the prime factors of u.
2, 3
Let u(l) = -l**3 + 8*l**2 - l - 2. Let g be u(8). Let n = g - -7. Let t(a) = 2*a**2 + 3*a + 4. What are the prime factors of t(n)?
13
Let w = -3 + 6. Suppose -6 = -3*r - 5*a, -r + 2 = w*a - 0. Suppose -5*l - 5 = -3*o + r*o, -4*l + 4 = 0. What are the prime factors of o?
2, 5
Let v = 366 + -175. What are the prime factors of v?
191
Suppose -4*v = -3*v. Suppose v*l - l = -7. What are the prime factors of l?
7
List the prime factors of ((-1)/(-3))/(1/30).
2, 5
Suppose -3*j = 5*h - 242, 0*h - 416 = -5*j - 2*h. List the prime factors of j.
2, 3, 7
Let z(t) = 79*t**2 - 2*t + 2. List the prime factors of z(1).
79
Let c(i) = -63*i - 1. Let o be c(-3). Suppose -4*q + 27 = 5*l + o, 53 = -2*q + 3*l. Let j = -21 - q. What are the prime factors of j?
13
Suppose -3*j + 120 = 2*p, 0 = 4*p + 6*j - j - 236. What are the prime factors of p?
2, 3
Suppose 0 = -5*g - 4*q + 18 + 4, 8 = -4*q. What are the prime factors of g?
2, 3
Suppose 0 = 2*r + d + 1, -6*d - 2 = -4*r - 4*d. Suppose r = 3*p + 10 + 14. Let w = p + 14. What are the prime factors of w?
2, 3
Let x = -910 + 2202. List the prime factors of (x/(-57))/((-4)/6).
2, 17
Suppose -103 = -15*p + 3842. What are the prime factors of p?
263
Let y = 6 - -1. List the prime factors of y.
7
Suppose 0 = -2*z + 11 + 39. Suppose 2*a + 3*a = z. Suppose 0 = -u + 3, 0 = -5*t + 3*u + 46 - a. List the prime factors of t.
2, 5
Let p(o) = -1. Let z(s) = -11*s + 1. Let k(n) = 4*n. Let r(a) = -8*k(a) - 3*z(a). Let i(c) = -7*p(c) + 2*r(c). List the prime factors of i(4).
3
Suppose 2*n + 5*d = 84, -20 - 15 = -n + d. List the prime factors of n.
37
Let g(y) = y**3 - 10*y**2 - 6*y + 5. Let l be g(11). Suppose 5*u - l = -0*u - n, -5*n - 77 = -4*u. List the prime factors of u.
13
Let i = -39 + 83. List the prime factors of i.
2, 11
Let u(z) be the third derivative of -z**5/60 + z**4/6 + 5*z**3/6 - 2*z**2. Let f be u(5). Let y = 2 + f. What are the prime factors of y?
2
Suppose 5*h - 10*h + 20 = 0. Suppose 5*c = -23 + 88. Suppose h*y = 19 + c. List the prime factors of y.
2
Suppose 24 = -2*x - 2*r, -x + 0 - 6 = -2*r. Let i = 15 - x. List the prime factors of i.
5
Let m(x) = 25*x**3 - 4*x**2 + 4*x - 2. List the prime factors of m(2).
2, 5, 19
Suppose -3*h + 3 = 12, -4*t + 391 = -5*h. List the prime factors of t.
2, 47
Suppose 0 = 10*o - 1505 - 715. What are the prime factors of o?
2, 3, 37
Let a(g) = -49*g - 5. Let w be a(-5). Suppose 75 = -3*v + w. What are the prime factors of v?
5, 11
Let d = 22 - 68. List the prime factors of (-6)/(-15) + d/(-10).
5
Let d(x) = 2*x + 1. Let u be 0/(-4) + -4*1. Let r = 1 - u. What are the prime factors of d(r)?
11
Let m(s) = -s**2 - 15*s - 23. List the prime factors of m(-11).
3, 7
Let o(m) be the first derivative of -m**3/3 + 3*m**2 + m - 6. What are the prime factors of o(5)?
2, 3
Suppose 2*v = -2*r - 2*v - 2, 4*r + v + 32 = 0. Let d = 23 - r. What are the prime factors of d?
2
Suppose 0 = -l - 25 + 35. What are the prime factors of l?
2, 5
Let p(g) = -g - 5. Let v be p(-8). Suppose -2*t = -v*t + 4. Suppose -t*l + 0 = -44. What are the prime factors of l?
11
Suppose 0 = g - 0*g. Suppose g = -0*j - j + 6. List the prime factors of j.
2, 3
Let u = 13 - 14. Let f = 0 + 6. Let w = f + u. List the prime factors of w.
5
Let n be ((-3)/(-2) - 1)*0. Let i be 5*(-3 + (-18)/(-5)). Suppose n*v = -i*v + 24. List the prime factors of v.
2
Let p(f) be the third derivative of f**5/60 - f**4/8 + 2*f**3/3 + 3*f**2. What are the prime factors of p(6)?
2, 11
What are the prime factors of 494/4 + ((-9)/(-2))/(-9)?
3, 41
Let y = 0 - -3. Let w be y/(2 + 2 + -5). Let s = w - -9. What are the prime factors of s?
2, 3
Let y be (-7)/(-3) + 2/(-6). Let x(k) = -k**2 + 4*k + 5. Let r be x(4). Suppose y*o = r*o - 6. What are the prime factors of o?
2
Let c(g) = g**3 - 13*g**2 + 2. Let a be c(13). Suppose a*v + 0*v + 3*n = 47, -4*v + 124 = -4*n. What are the prime factors of v?
2, 7
Let c(m) = m**3 - 7*m**2 - 6*m - 7. Suppose -2*n + 5*v + 10 = 0, n = -v - v + 5. Suppose 0*g = -2*g - 6, -n*g + 1 = 2*w. List the prime factors of c(w).
3
Let s be (-25 + 4)*2/(-6). Let p be -1*1*(-2 + s). List the prime factors of (18/p)/(2/(-5)).
3
Let a = -15 - -8. Let z(s) = -s**3 - 7*s**2 - s - 3. List the prime factors of z(a).
2
Let i(q) = -q**3 - 9*q**2 + 5*q - 14. Suppose 3*x + 37 = -4*c, -x + 48 = -5*c - 3*x. Let u be i(c). What are the prime factors of (u/(-15))/((-3)/10)?
2
Suppose 3*g - 99 = 2*i, -3*g - 2*i - 26 + 125 = 0. List the prime factors of g.
3, 11
Let m(h) = -h**3 - 7*h**2 - 7*h + 2. Let l be m(-6). Let k = 4 - l. Let j(v) = -3*v + 4. List the prime factors of j(k).
2
Suppose -2 = -5*p + 18. Suppose -4*y - 2*i = -58, -68 = -3*y - 2*y - p*i. What are the prime factors of y?
2
Let p(b) = -3*b - 3 + 1 - 6*b**2 + 5*b**2 - 4*b. What are the prime factors of p(-6)?
2
Let s(q) be the third derivative of q**4/24 + q**3/6 + 19*q**2. Let h = -9 - -16. What are the prime factors of s(h)?
2
Let w(z) = -z**3 + 9*z**2 - 7*z. Let c be w(8). Let t be 6*c/6 + 1. Suppose r - 2 - t = 0. List the prime factors of r.
11
List the pr